
Let d(g) = -5*g**2 - g + 7. Let j(o) = -3*o**2 - o + 4. Let y(x) = -4*d(x) + 7*j(x). Calculate y(-5).
-10
Let z be 22/121 + 136/(-22). Let h = 6 + -4. Let n(c) = -3*c + 2 + h*c + 0. What is n(z)?
8
Let o(p) = p**3 + 6*p**2 - 11*p - 7. Suppose -4*f = 7 + 21. Calculate o(f).
21
Let m(x) = -x - 3*x**2 + 6*x - 2 + 4*x**2 - 1. Let k(n) = -n**2 - 3*n. Let t be k(-4). Calculate m(t).
-7
Let q(h) = 8*h**2 + 12*h**2 + 8*h**2 + 1 - 26*h**2. What is q(2)?
9
Let o(s) = -s**2 - 10*s - 12. Let n be o(-7). Let g(x) = -13 - x**2 + n + 13 + x. Give g(0).
9
Let i(n) = 2*n**2 - 6 + 0 + 3 + 2*n - 3*n**2. Suppose 0 = t - 3. Give i(t).
-6
Let k(l) = 23*l**3 + 3 - 2 + l**3 - 3*l**3. Give k(-1).
-20
Let k(h) be the second derivative of -h**4/12 + 7*h**3/6 - 3*h**2 - 3*h. Let n = 6 - 2. What is k(n)?
6
Let d = 3 - 0. Suppose d = 5*m - 2. Let p(k) = -14*k - 11. Let y(x) = 5*x + 4. Let z(q) = 3*p(q) + 8*y(q). Determine z(m).
-3
Let o(v) = -v**3 + 2*v**2 + 2*v. Let n be o(2). Let r(l) = -3*l + 4 + n*l + 2*l. Calculate r(-3).
-5
Let p(y) = y**2 + 3*y + 6. Let q be (-1)/2*(-32)/(-4). Determine p(q).
10
Let a(n) be the third derivative of n**5/60 - n**4/4 - n**3/3 - 7*n**2. What is a(6)?
-2
Let x(k) = -2*k + 1. Let a = -33 + 28. Give x(a).
11
Let a(t) = 9*t + 1. Let n(m) = m. Let f(d) = -a(d) + 6*n(d). Determine f(-2).
5
Suppose 18*r = -129 + 21. Let p(i) = -3*i + 6. Give p(r).
24
Let f = -5 + 6. Let s = f - -4. Let o(n) = n**3 - 4 - 5*n**2 + 0*n**3 + 0*n**3. Determine o(s).
-4
Suppose -3*x - 20 = -x. Let j = x + 7. Let l(o) be the third derivative of -o**5/60 - o**4/24 - o**3/6 - 2*o**2. Determine l(j).
-7
Let q(s) be the first derivative of 2 - 1/2*s**2 - 7*s. Suppose -40 = 5*n + 5*g, 4*g + g = 2*n - 5. Determine q(n).
-2
Suppose -k + 3*j = -3, 7*j - 3*j = 0. Let d(s) be the first derivative of -s**2 + 4*s - 3. Determine d(k).
-2
Suppose -3*u = -d - 7, -2*d - 3*u = -33 + 2. Let v = 3 + -3. Suppose -4*k + 0*k + d = v. Let n(a) = -2*a**2 + a. Determine n(k).
-6
Let f(a) = -2*a**2 + 3*a. Let q(z) = -z**2 + 2*z + 1. Let k(b) = -2*f(b) + 3*q(b). Calculate k(-3).
12
Let j(y) = -6*y + 1. Let v(d) = -13*d + 2. Let m(k) = -9*j(k) + 4*v(k). What is m(4)?
7
Let w(g) = -g**3 - g**2 + 8. Let q(m) = m - 3. Let u be q(3). Give w(u).
8
Let l(t) = t**3 - 6*t**2. Suppose -z - 12 = -3*z. Let q be z*1 + -3 + 3. Determine l(q).
0
Let c(k) be the first derivative of 5*k**2 + 5. Let l(p) = -p**3 - 3*p**2 + p + 4. Let v be l(-3). Calculate c(v).
10
Let g(x) be the third derivative of x**7/5040 - x**6/720 - x**5/20 + x**2. Let y(u) be the third derivative of g(u). Determine y(-1).
-2
Let o be -1 - (-11 + 3 - -4). Let b(a) = a**3 - 5*a**2 + 5*a - 4. What is b(o)?
-7
Let k(n) = 7*n**2 - 6*n - 1. Let y(g) = -20*g**2 + 17*g + 3. Let j(l) = -17*k(l) - 6*y(l). What is j(3)?
8
Suppose -2*d = 3*d - 15. Let v(n) = n**2 + 5*n**2 + 0 - 2 + 5*n + 0*n**2 + n**d. Calculate v(-5).
-2
Let m be 4 + (1 + 3 - 6). Suppose -3*h + 5*h - 4 = 2*k, -2*h + 4 = 2*k. Let x(g) = m*g - g**h - 3 - 3*g - 6*g + 4*g. What is x(-3)?
-3
Let l(r) be the third derivative of 0 + 0*r - 3*r**2 - r**3 - 1/12*r**4. Give l(-6).
6
Let h(p) = -p**3 + 2*p**2 - p. Suppose 2*w - 4*z - 12 + 0 = 0, 5*w + 3*z = -9. Suppose 2*r - 5*i = -3*r + 15, i + 2 = w. Calculate h(r).
0
Let r(v) = 10*v + 2 + 3*v**2 + 5*v**2 + 7 - 3*v**2. Let u(d) = 9*d**2 + 19*d + 17. Let i(z) = -7*r(z) + 4*u(z). Determine i(-6).
5
Let c(o) be the second derivative of o**3/6 + 3*o**2 + 47*o. Calculate c(-10).
-4
Let z = -65 + 71. Suppose -a = -p - 3, 4*a = p - 0*p + 15. Let q(x) = -a*x + z*x + 7*x - 4*x. What is q(-1)?
-5
Suppose 5*w = 3*r - 21, -3*w + 4*w = -4*r + 5. Let p(s) = s**2 - 2*s - 1. What is p(r)?
-1
Let x(o) = -1 + 0 - 4 - 1 - 5*o - 5*o**2. Let r(h) = -h**2 - h - 1. Let n(u) = -4*r(u) + x(u). Let i be (-3)/(2 - (-1)/(-2)). What is n(i)?
-4
Suppose 0*k - 4*k = -8. Let s(y) be the first derivative of -2*y + 3/2*y**2 + 1. What is s(k)?
4
Suppose 5*c - 29 = 2*c + 2*j, 0 = -3*c - 4*j + 5. Suppose -2*n - 3 = -2*r - 5, -2*n + 5*r = c. Let p(x) = 2*x + 1. Give p(n).
9
Let o(j) = j + 1. Let x(p) = p**3 + 4*p**2 - 8*p - 4. Let y(l) = -3*o(l) - x(l). What is y(-5)?
1
Let j(s) = -9*s**2. Suppose -2*z - 5 = -7*z. Calculate j(z).
-9
Let i(n) be the second derivative of -n**3/6 - 3*n**2/2 - 20*n. Determine i(-5).
2
Let a(o) be the third derivative of -o**5/60 + o**4/6 - o**3/2 + 18*o**2. Give a(5).
-8
Suppose 5*p - 3*p - 6 = 0. Let q(r) = -3*r**p + 3 + 3*r**3 - r**3 + r**2 - r. Determine q(0).
3
Let w = 2 - 7. Let r(h) = -h. Let t(a) = -4*a - 6. Let n(l) = w*r(l) + t(l). Determine n(0).
-6
Let o(r) = r - 1. Let k(a) = -2*a + 4. Let h(c) = -2*k(c) - 2*o(c). Let z be -1 - ((-1)/1 + -5). Give h(z).
4
Let x = -6 + 10. Suppose -j = x*j - 10. Let r(z) = 0*z - 2*z**2 - j*z + z**2 + 0*z**2 + 4. Give r(3).
-11
Let i(a) = a**2 + 4 + 12 - 13 - 9*a + 5. Give i(6).
-10
Let l(m) = 4*m. Let p(j) = 1. Let c(s) = l(s) + 3*p(s). Determine c(-2).
-5
Let u(b) = -11*b - 2 + 7*b + 3*b - b + b**2. Give u(-2).
6
Suppose -6 = 5*l - 16. Suppose l*q = -3 - 1. Let n(a) = -a**3 - 4*a**2 - 2. Let t(f) = 2*f**3 + 9*f**2 - f + 4. Let d(o) = 5*n(o) + 2*t(o). Determine d(q).
2
Suppose 2*o = 2*n - 16, -3*o = -n - 0*n + 14. Let y(j) = -j**2 - j + 6. Let h(d) = d**2 - 6. Let v(x) = 7*h(x) + 6*y(x). What is v(n)?
-11
Let n(r) be the third derivative of -r**4/8 + r**3/6 - 10*r**2. Give n(-1).
4
Let b(v) = -v + 11. Let g(m) = m - 11. Let h(f) = -6*b(f) - 7*g(f). Determine h(0).
11
Let d be (-8)/2 - (-2 + 2). Let z(x) = -4*x**2 - 2*x - 7. Let y(w) = 0 + 35*w**2 + w + 2*w + 7 - 30*w**2. Let q(i) = d*z(i) - 3*y(i). Determine q(0).
7
Let t(f) = 3*f**3 - 4*f**3 - 9*f - 8 - 2*f**2 - 5*f**2. Determine t(-6).
10
Let x(t) = -t**2 - 2. Let q be (40/(-15))/((-42)/(-9) - 4). Determine x(q).
-18
Let j(l) = l**2 - 2*l - 5. Let a be (9 + 0)*(-5)/(-3). Suppose -2*d - d + a = 0. What is j(d)?
10
Let i(l) = -6*l**2 - 6*l - 3. Let a(y) be the first derivative of -y**3/3 - y**2/2 - y - 3. Let v(q) = -5*a(q) + i(q). Suppose 2 = 2*p + 8. Calculate v(p).
-4
Let u = -4 - -6. Let v(r) = -r + 3. Let f be v(3). Let s be f + u + 0 + -2. Let h(x) = -x**2 + x - 6. What is h(s)?
-6
Let n be (-1 + -5)*(2 + -3). Let l(v) = -7*v**2 + 6*v - 5. Let u(t) = -13*t**2 + 12*t - 10. Let w(o) = 11*l(o) - 6*u(o). What is w(n)?
5
Let y(b) be the second derivative of -1/3*b**3 + 6*b - 1/2*b**2 + 0. Calculate y(-3).
5
Let l(x) = 5*x + 2. Let r = -4 + 6. Suppose -r*c = c + 12. Let s be (2/c)/((-2)/(-8)). Determine l(s).
-8
Let w be 2*((-4)/8)/(0 - -1). Let s(o) = 5*o**2 - o - 1. Calculate s(w).
5
Let n(l) = 5*l**2 - 8*l + 6. Let i(u) = -2*u**2 + 3*u - 2. Let m(g) = 11*i(g) + 4*n(g). Let o be 10 + -2*(4 - 2). Suppose -o*p + 3*p = 6. Give m(p).
-8
Suppose 13*r = 9*r - 24. Let s(a) = -a**3 - 5*a**2 + 7*a + 7. Give s(r).
1
Suppose -3*p - y - 2*y = -6, 10 = -4*p + 5*y. Let r(t) = t + 5 - 3 + p*t + 1. Determine r(-6).
-3
Let h be 23/7 - (-2)/(-7). Let k(b) = b**2 - 4*b. Give k(h).
-3
Let v(w) = w**2 + 12*w + 20. Let g be v(-10). Let t(f) = f - 6. What is t(g)?
-6
Suppose 7*n + 10 = 2*n. Let v be 12/21*(-7)/n. Let i(s) = -5*s + 3*s + 2*s**2 - 3*s**3 - 2 + 2*s**3. Determine i(v).
-6
Let g(h) = -2 + 2*h**2 - 3*h**2 + 2. What is g(-3)?
-9
Let q(p) = p. Suppose 0 = -d + 1 - 0. Let f(y) = -8*y + 2. Let w(h) = d*f(h) + 6*q(h). Calculate w(-4).
10
Let z(a) = -a**2 - a + 1. Let d(x) = -x**3 - 8*x**2 + 7*x + 10. Let g(t) = -d(t) + 3*z(t). Determine g(-6).
17
Suppose 0*k = -4*k, -2*k - 7 = l. Let w(m) = 2*m + 5. Calculate w(l).
-9
Let y(i) = -i**2 + 6*i - 1. Suppose -3*b + 4*h + 12 = 0, -2*b - 5 = -4*h - 13. Determine y(b).
7
Let k(i) = i**2 - i. Let v(n) = -3*n**2 - n. Let x(f) = -4*k(f) - v(f). Calculate x(5).
0
Let t(x) = x**3 - 4*x**2 - 2*x + 6. Suppose -3*k = k + 48. Let a be 5/30 + (-46)/k. Give t(a).
-2
Let l(y) = -1. Let u(m) = 7 + 3*m - 5*m - 2 + m. Let p(s) = 5*l(s) + u(s). Let b(x) = -x - 3. Let n be b(-6). Determine p(n).
-3
Let f(q) be the first derivative of -q**2 - 7*q + 57. Determine f(-6).
5
Suppose -4*x - 4*t = 28, 5*t = -3*x - 33 + 6. Let k(s) = -8*s**2 - s**3 - 3*s + 5*s**2 + 4*s - 3. Give k(x).
9
Let t(u) be the first derivative of u**4/4 - 5*u**3/3 + 3*u**2/2 + u + 28. Calculate t(3).
-8
Let i = -48 - -52. Let m(z) = z**3 - 4*z**2 - 4*z + 6. Give m(i).
-1